-4). Suppose -5*f + 92 = 5*y - f, g = 4*y - f - 61. Calculate the remainder when 30 is divided by y.
14
Let l = 151 - 122. Calculate the remainder when 100 is divided by l.
13
Suppose 6*c - 438 = -90. Let f = c - -106. What is the remainder when f/14 + 4/14 is divided by 4?
0
Let b(i) = -i**3 + 4*i**2 + 5*i + 5. Suppose 2*r + 169 = u, -r = 3*r + 2*u + 334. Calculate the remainder when r/(-9)*(-6)/(-4) is divided by b(5).
4
Suppose 0 = -12*n + 924 + 972. What is the remainder when n is divided by 7?
4
Let p(o) = 77*o + 4. Let y be p(-17). Suppose -2*w = 9 + 3. Calculate the remainder when 4/w*y/10 is divided by 30.
27
Suppose j = -4, -248 = -4*h - 3*j + 228. Let v = -67 + 92. Calculate the remainder when h is divided by v.
22
Calculate the remainder when 274 is divided by (3 + 1)*(-2760)/(-480).
21
Suppose 4*d - 77 = -v, -46*d = -49*d + 3*v + 54. Calculate the remainder when 72 is divided by d.
15
Calculate the remainder when (((-105)/6)/(-1))/((-1)/(-2)) is divided by 18.
17
Let v = 21 + -6. What is the remainder when v is divided by 1?
0
Let g = -20 + 44. Let j(h) = -h**2 + 19*h - 53. Calculate the remainder when g is divided by j(4).
3
Let o = 375 + -370. Calculate the remainder when 70 is divided by o.
0
Suppose f - 214 = 3*d, -158 = -2*f + 2*d + 278. Calculate the remainder when 160 is divided by 3/((-36)/f)*-3.
50
Let x(s) = 16*s**2 + s - 2. Let d = 21 - 23. Calculate the remainder when x(d) is divided by 7.
4
Let c(g) = g**3 - 1 + 5 + 2*g - 1 + 7*g**2. Suppose 4*z - 1 = 59. Calculate the remainder when c(-6) is divided by z.
12
Suppose -25*a - 8*a + 1287 = 0. Let i(p) = 2*p**3 - p**2 - 2. What is the remainder when a is divided by i(2)?
9
Let n(p) = -p**3 + 10*p**2 - 5*p + 13. Let g be n(9). Let f be 50/(-2) + (-3 - -2). Let w = g + f. Calculate the remainder when w is divided by 12.
11
Suppose -82*d + 56 = -80*d. Calculate the remainder when 251 is divided by d.
27
Let i(q) be the third derivative of -23*q**4/24 - 106*q**2. Let y(j) = 2*j + 5. Let r be y(-5). What is the remainder when i(r) is divided by 29?
28
Let s(b) = 10*b - 5. Let v(g) = g + 14. Let x be v(-10). Suppose 0 = x*t + 20, -1 + 15 = 2*z - 2*t. Calculate the remainder when 40 is divided by s(z).
10
Suppose 0 = -2*w + 7*w - 40. Let u = 32 - 27. What is the remainder when w is divided by u?
3
Let o be (-17)/(-3) - 2/(-6). Let s(h) = -h**3 + 7*h**2 - 9*h + 1. Let f be s(o). Let j = 9 - f. Calculate the remainder when 103 is divided by j.
25
Suppose 7*u = 255 + 39. Calculate the remainder when 83 is divided by u.
41
Let o(s) = -s**3 - s**2 - s - 7. Let m be o(0). Let v be 2 - 0 - 3 - m. Let r = 16 - v. What is the remainder when 17 is divided by r?
7
Let n = -260 + 272. Let l(u) = u**3 - 11*u**2 - 10*u + 9. What is the remainder when l(12) is divided by n?
9
Suppose -6*d + 2520 = 18*d. What is the remainder when d is divided by 44?
17
Let v = 5 - 7. Suppose 93 = -2*m + 5*m. What is the remainder when m is divided by v/3*(-561)/22?
14
Let i = -233 + 166. Let j = 100 + i. Calculate the remainder when 164 is divided by j.
32
Suppose 0 = -3*j + 6*j - 930. Suppose -3*w - 68 = 2*h - 3*h, 5*h - 5*w - j = 0. Calculate the remainder when h is divided by 20.
19
Suppose 2*y - 660 = -13*y. Calculate the remainder when 570 is divided by y.
42
Let p = 87 + -59. Suppose p - 85 = -3*k. Calculate the remainder when k is divided by 11.
8
Calculate the remainder when 4/(-18) + 1910/9 is divided by 31.
26
Let b(k) = -4*k**3 + 3*k**2 - 3*k + 2. Let o be b(1). Let f(c) = -18*c - 8. Calculate the remainder when f(o) is divided by 10.
8
Let l = 32 + -29. Suppose p = l*b + 30, -5*p + b + 65 = -p. Calculate the remainder when 58 is divided by p.
13
Let g = -473 + 494. Calculate the remainder when 355 is divided by g.
19
Suppose 0 = 83*u - 85*u + 316. Suppose u*f = 162*f - 116. What is the remainder when 170 is divided by f?
25
Let p(z) = -z**3 - 26*z**2 - 47*z + 63. What is the remainder when p(-24) is divided by 20?
19
Suppose 6 = 2*q, 2*d - 21 = -2*d + 5*q. Calculate the remainder when 96 is divided by d.
6
Let x = -313 - -470. Calculate the remainder when x is divided by 27.
22
Calculate the remainder when 96 is divided by 6*(-24)/(-504) + (-598)/(-14).
10
Let i(c) = -c + 10. Let v be i(10). Let x(y) = 7 - y + v*y + 0. Calculate the remainder when x(4) is divided by 1.
0
Let i = -521 - -550. What is the remainder when 171 is divided by i?
26
Suppose 5*z - 841 = 1074. Calculate the remainder when z is divided by 55.
53
Let x be 2/(-10) - (-320)/(-25). Let r = x - -14. What is the remainder when -13 + 9 + 46*r is divided by 11?
9
Suppose 4*r - 355 = -r. Suppose -24*d = -22*d - 38. Calculate the remainder when r is divided by d.
14
Let d(q) = q**3 + 35*q**2 - 76*q + 67. What is the remainder when d(-37) is divided by 2?
1
Let q = -132 - -251. Suppose 75 - 22 = h + 3*l, -3*h - l + q = 0. Calculate the remainder when 188 is divided by h.
36
Let t(r) = 18*r + 4. Let s = -101 + 120. What is the remainder when t(5) is divided by s?
18
Suppose 0*q + 5*q - 180 = 0. Suppose -25 = 3*y + 17. Let o = 27 + y. Calculate the remainder when q is divided by o.
10
What is the remainder when 738/(-15)*-8*(-30)/(-36) is divided by 20?
8
Suppose -5*f = -5*p - 2*f + 180, -2*p = -2*f - 76. Calculate the remainder when 228 is divided by p.
30
Suppose 4*j = j - 3*c + 300, -j = 5*c - 116. Suppose 0 = -4*m + 4*o + 232, 0*m + j = 2*m + 2*o. Calculate the remainder when 104 is divided by m.
51
Let k(i) = 12*i - 690. What is the remainder when 124 is divided by k(63)?
58
Let r(x) = 18*x + 235. Calculate the remainder when 474 is divided by r(-11).
30
Let t(r) = r**2 + 6*r + 4. Let s be t(-4). Let u(o) = o**3 + 5*o**2 + 2*o - 5. Let j = 92 + -81. Calculate the remainder when j is divided by u(s).
2
Let j = 9 - -6. Suppose 21*z - 170 = 16*z. Let g = z - 26. What is the remainder when j is divided by g?
7
Let l(j) = 40*j + 2. Let y be l(1). Suppose 13 = -5*z - y. Let t = z + 14. Calculate the remainder when 10 is divided by t.
1
Suppose r - 3*r = a - 15, -33 = -3*r - 5*a. Suppose -y = -r*y + 95. Calculate the remainder when y is divided by (((-42)/(-7))/30)/(2/70).
5
Let p(x) = 37*x - 8. Let h(o) = -o + 3. Let d be h(0). Calculate the remainder when p(d) is divided by 35.
33
Let d(w) = -2 - 15*w - 1 - 10. Let r be d(-10). Let i = r - 92. What is the remainder when i is divided by 12?
9
Suppose -49 + 19 = -5*b - 4*z, b + 4*z + 10 = 0. Calculate the remainder when -2*29/4*-2 is divided by b.
9
Suppose -c + 5 + 19 = 0. What is the remainder when -2*(-1 - (5 + 16)) is divided by c?
20
Let z(a) = 17*a + 30. Calculate the remainder when 43 is divided by z(-1).
4
Let c(z) = z**3 - 21*z**2 + 19*z + 51. What is the remainder when 247 is divided by c(20)?
30
Let y = 16 + -10. Suppose 24 + y = c - x, 0 = 3*c + 4*x - 76. What is the remainder when c is divided by 8?
4
Calculate the remainder when 123 is divided by (-157)/(-6) - 3/18.
19
Calculate the remainder when (31920/(-51))/(-16) - 2/17 is divided by 17.
5
Calculate the remainder when 44*((-297)/(-36) + -7) is divided by 24.
7
Suppose -7 - 13 = -5*l. Suppose 6 = 5*v - l. Let f(a) = a**3 - a**2 - a + 2. What is the remainder when 14 is divided by f(v)?
2
Let k be -1 + -2 + 2/(2/5). Suppose k*z - 6*z = -52. Calculate the remainder when z is divided by 3.
1
What is the remainder when 87 is divided by 12 + (-4)/((-2)/6*-4)?
6
Let i be 1/(-2) + 51/(-2). Let s = i - -68. What is the remainder when s is divided by 10/4*(-88)/(-10)?
20
Let n(b) = -b**3 + 9*b**2 - 6*b + 7. Suppose u + 49 = 6*u - 4*a, 5*u = -5*a + 85. Suppose -2*q = -13 - u. Calculate the remainder when n(7) is divided by q.
11
Let z(x) = 17*x**3 + x**2 + 5*x - 7. What is the remainder when z(1) is divided by 4?
0
Let q be (4 - -4 - 3) + 4. Calculate the remainder when 14/(-49) - 58/(-7) is divided by 72/q + 0 + -4.
0
Suppose -7*t + 55 + 1 = 0. Calculate the remainder when (t/(-12))/((-2)/108) is divided by 10.
6
Suppose -102 = -3*q - 0*q. What is the remainder when q is divided by (-3510)/(-78)*(-4)/(-10)?
16
Suppose -5*l = 2*s + 2 - 0, 2*s = -4*l. Suppose 2*m = -2*f + 98, 2*f + s*m = f + 61. What is the remainder when f is divided by 2/(5/(-6) - -1)?
9
Suppose f - 9 = -5. Suppose f*i - 18 = 6. Suppose 3*p - 51 = -3*v + i, 4 =